me number?
False
Is 2530033 a prime number?
False
Is 7783367 a prime number?
False
Is 9924809 a prime number?
False
Is 27069622 prime?
False
Is 25077151 prime?
False
Is 1664849 a composite number?
False
Is 10904039 prime?
True
Is 13055209 a prime number?
True
Is 78997619 a prime number?
True
Is 11710627 composite?
False
Is 33078635 composite?
True
Is 35295943 a prime number?
True
Is 10814213 a prime number?
False
Is 13120369 prime?
False
Is 84911843 a prime number?
True
Is 7840409 prime?
True
Is 158161 composite?
False
Is 2305463 prime?
True
Is 55100401 a prime number?
False
Is 2176043 prime?
False
Is 3489457 a prime number?
True
Is 16928341 prime?
True
Is 10054229 prime?
True
Is 355766 composite?
True
Is 954689 a prime number?
False
Is 6748523 a prime number?
True
Is 12819605 a prime number?
False
Is 191632183 a composite number?
True
Is 3214369 a prime number?
True
Is 160807 prime?
True
Is 2426657 a composite number?
True
Is 89254771 a composite number?
False
Is 67263227 composite?
False
Is 7020007 a prime number?
False
Is 2961613 prime?
True
Is 408177655 a composite number?
True
Is 28382177 prime?
True
Is 337198 a composite number?
True
Is 19553921 a composite number?
False
Is 12986137 composite?
True
Is 608999 prime?
True
Is 3318619 a prime number?
False
Is 19739449 a composite number?
False
Is 457163 a composite number?
True
Is 688813 prime?
True
Is 1995797 a prime number?
True
Is 22236169 a composite number?
True
Is 738473231 a prime number?
True
Is 436420679 a composite number?
False
Is 46619473 composite?
False
Is 153107 prime?
True
Is 2279063 a prime number?
True
Is 128789734 prime?
False
Is 36436951 a prime number?
False
Is 41092057 a prime number?
True
Is 1047667 prime?
True
Is 127922017 a composite number?
False
Is 82553 a prime number?
False
Is 54450593 a composite number?
False
Is 461971 composite?
False
Is 5206711 composite?
False
Is 2569079 a prime number?
True
Is 29300107 a prime number?
True
Is 10936157 a composite number?
True
Is 1888879 prime?
True
Is 14523545 composite?
True
Is 1063273 composite?
False
Is 953297 prime?
True
Is 5283101 prime?
True
Is 737537 prime?
True
Is 44200279 a prime number?
True
Is 1162339 a composite number?
False
Is 20685691 a composite number?
True
Is 3305893 composite?
True
Is 4031047 a prime number?
True
Is 2444671 prime?
False
Is 1199923 composite?
False
Is 3556649 composite?
False
Is 3890503 a composite number?
False
Is 232415501 a prime number?
True
Is 11435633 prime?
False
Is 45123719 composite?
True
Is 5698663 a composite number?
True
Is 483241739 a composite number?
False
Is 137527783 composite?
False
Is 416718233 a composite number?
False
Is 19652399 a prime number?
False
Is 1882241 a composite number?
True
Is 261773 composite?
False
Is 188519 composite?
False
Is 3133373 prime?
False
Is 1110043 composite?
True
Is 77441761 a prime number?
True
Is 2802031 composite?
True
Is 518849 a composite number?
True
Is 441396751 a composite number?
True
Is 2549143 a composite number?
False
Is 1341107 a composite number?
True
Is 23525863 a prime number?
True
Is 5529587 a composite number?
True
Is 37708886 a prime number?
False
Is 21972077 composite?
True
Is 20881283 a composite number?
True
Is 62100131 prime?
True
Is 62983099 a composite number?
True
Is 2956553 a composite number?
False
Is 1353551 prime?
True
Is 578701 a prime number?
True
Is 3796557 prime?
False
Is 4871 composite?
False
Is 15937169 a prime number?
True
Is 2900131 composite?
True
Is 2481862 composite?
True
Is 23629993 a composite number?
True
Is 80224611 prime?
False
Is 182797 prime?
False
Is 45224797 composite?
True
Is 36354691 prime?
True
Is 2220123 composite?
True
Is 383723 composite?
False
Is 2136167 composite?
True
Is 15813767 a composite number?
True
Is 21542151 a prime number?
False
Is 119640133 composite?
True
Is 1709443 prime?
True
Is 5051645 a prime number?
False
Is 20367503 a prime number?
False
Is 6595007 composite?
False
Is 2084179 a composite number?
False
Is 2530961 prime?
True
Is 428995687 a prime number?
True
Is 12338237 composite?
True
Is 251405449 composite?
False
Is 23608093 prime?
True
Is 113407711 prime?
True
Is 28552141 a prime number?
False
Is 15512491 a prime number?
False
Is 2674163 prime?
False
Is 19511409 prime?
False
Is 27812263 a composite number?
True
Is 6854963 a prime number?
True
Is 2481971673 prime?
False
Is 22455881 a composite number?
True
Is 118174799 a prime number?
True
Is 4520983 composite?
False
Is 230230229 prime?
True
Is 91896487 prime?
False
Is 1836035 prime?
False
Is 50695313 composite?
True
Is 23257543 a prime number?
True
Is 113608441 a prime number?
True
Is 4186907 a prime number?
True
Is 30435629 prime?
False
Is 93530743 a prime number?
False
Is 55463 a prime number?
False
Is 9447187 a composite number?
False
Is 131429107 a composite number?
True
Is 622301 a composite number?
False
Is 10908649 a composite number?
False
Is 13301879 a composite number?
False
Is 5192963 a prime number?
False
Is 12738769 prime?
False
Is 29136659 a composite number?
True
Is 6819493 prime?
True
Is 16342798 composite?
True
Is 2982062 a prime number?
False
Is 55120283 prime?
True
Is 129128899 a prime number?
False
Is 2138419 a prime number?
True
Is 23723746 prime?
False
Is 496549 a prime number?
True
Is 70967599 composite?
True
Is 340519 a prime number?
True
Is 436009697 a composite number?
False
Is 1602467 composite?
True
Is 533123 composite?
True
Is 542831 a prime number?
True
Is 3975239 prime?
True
Is 9117841 prime?
True
Is 6473461 a composite number?
False
Is 4642843 composite?
False
Is 20605993 a prime number?
True
Is 2593585 a composite number?
True
Is 1751857 prime?
False
Is 38041319 a composite number?
False
Is 59633697 composite?
True
Is 130763459 a prime number?
False
Is 930430563 prime?
False
Is 331786057 a prime number?
True
Is 13024073 composite?
True
Is 216995891 prime?
False
Is 1348759 a composite number?
True
Is 71362517 a prime number?
False
Is 9273431 composite?
False
Is 16727861 composite?
True
Is 642769 prime?
True
Is 269743 composite?
True
Is 76644751 prime?
True
Is 20961881 composite?
False
Is 1249697 prime?
False
Is 281117 composite?
False
Is 35348581 a prime number?
False
Is 2064455 a prime number?
False
Is 8904873 prime?
False
Is 221941 a composite number?
False
Is 93307 composite?
False
Is 2040827 a composite number?
False
Is 1286179 composite?
True
Is 231103283 prime?
False
Is 7587961 a composite number?
False
Is 55015843 a prime number?
True
Is 6278047 composite?
False
Is 5545567 prime?
True
Is 17379773 prime?
True
Is 97235209 a prime number?
True
Is 364655 composite?
True
Is 16559995 prime?
False
Is 373059079 a prime number?
True
Is 16817683 a composite number?
True
Is 345869 a composite number?
False
Is 880979285 a prime number?
False
Is 227605757 a composite number?
False
Is 7563671 a composite number?
True
Is 979099 prime?
False
Is 1142089 composite?
True
Is 106075191 a composite number?
True
Is 667710721 a composite number?
False
Is 741262 a composite number?
True
Is 4158521 a prime number?
True
Is 90164467 a composite number?
False
Is 240083971 composite?
True
Is 1070210797 prime?
False
Is 16484681 prime?
True
Is 96080547 a composite number?
True
Is 9020201 a prime number?
True
Is 664339421 prime?
True
Is 193056047 a composite number?
True
Is 551533 a prime number?
False
Is 2762027 prime?
True
Is 2970329 composite?
False
Is 3695393 composite?
True
Is 2844461 a prime number?
True
Is 116813969 a composite number?
False
Is 25288117 prime?
True
Is 2204929 prime?
True
Is 8864047 a prime number?
False
Is 1557493 a composite number?
True
Is 1088603 prime?
True
Is 2520499 prime?
False
Is 55500295 a composite number?
True
Is 8493691 a composite number?
True
Is 37470709 prime?
False
Is 8539133 a prime number?
False
Is 91318567 a prime number?
False
Is 459035917 composite?
True
Is 30344309 a prime number?
True
Is 47983007 composite?
True
Is 40822679 composite?
False
Is 92356829 prime?
True
Is 939664127 prime?
True
Is 1583627 a composite number?
True
Is 13239103 a prime number?
True
Is 6398923 a prime number?
True
Is 11763491 prime?
True
Is 451951 a prime number?
False
Is 134383087 prime?
True
Is 2402495 composite?
True
Is 192011543 a composite number?
False
Is 2700967 prime?
True
Is 4